2044.
108
Calculate the greatest common divisor of 231288 and 5110962.
2514
What is the greatest common divisor of 5292445 and 35?
5
Calculate the highest common divisor of 4211537530 and 142.
142
What is the greatest common divisor of 174192 and 49362?
114
What is the greatest common factor of 208500432 and 22890?
4578
What is the greatest common factor of 3444397 and 22?
11
Calculate the highest common divisor of 1491124 and 15487564.
9148
Calculate the highest common divisor of 699 and 96921243.
699
Calculate the highest common divisor of 1323 and 380036601.
441
What is the highest common factor of 43792337 and 177?
59
What is the highest common factor of 144 and 89927118?
18
Calculate the greatest common factor of 22117320 and 4590.
270
Calculate the greatest common divisor of 176522127 and 150576.
9411
Calculate the highest common divisor of 1269 and 11563.
1
What is the greatest common divisor of 758924 and 58552?
2252
What is the greatest common divisor of 296 and 134920?
8
What is the greatest common divisor of 1316 and 17514644?
1316
What is the greatest common factor of 1015247 and 10011?
47
What is the greatest common divisor of 575904667 and 481?
481
Calculate the highest common divisor of 135989 and 9289.
7
Calculate the highest common divisor of 1248 and 841217.
13
Calculate the highest common factor of 10424300 and 900.
100
What is the greatest common factor of 6654080 and 1686?
562
Calculate the highest common divisor of 329 and 538027189.
329
What is the highest common factor of 272 and 162928816?
272
What is the greatest common factor of 433290 and 627816?
606
Calculate the greatest common factor of 710 and 18094080.
10
Calculate the greatest common divisor of 32509884 and 264.
132
What is the highest common divisor of 928732 and 476?
28
Calculate the greatest common divisor of 680 and 1298420.
20
What is the highest common factor of 680 and 5904355?
85
What is the highest common factor of 92886 and 294?
6
What is the greatest common factor of 5 and 379930150?
5
What is the highest common divisor of 343 and 874111?
49
Calculate the greatest common divisor of 45570 and 292390.
70
Calculate the greatest common factor of 215 and 1147205600.
215
What is the highest common factor of 5284 and 1989621508?
5284
Calculate the highest common factor of 1119 and 14422791.
1119
What is the greatest common factor of 7 and 60444041?
7
What is the highest common factor of 71105441 and 374?
187
Calculate the greatest common divisor of 23112408 and 660.
132
What is the greatest common divisor of 1669587 and 6681?
51
Calculate the greatest common divisor of 4953320 and 7880.
40
What is the highest common divisor of 417170445 and 60?
15
What is the highest common divisor of 28322 and 95302?
34
Calculate the highest common divisor of 18075 and 546783210.
3615
Calculate the greatest common factor of 1892 and 70875008.
172
Calculate the highest common divisor of 14721988 and 1028.
1028
What is the greatest common factor of 10 and 436058670?
10
Calculate the highest common factor of 2129176 and 336.
56
Calculate the highest common divisor of 8763815 and 1855.
265
What is the greatest common factor of 2001492648 and 398?
398
Calculate the highest common factor of 99 and 1269598.
11
Calculate the greatest common factor of 1764 and 3881052.
252
What is the highest common factor of 468684432 and 230?
46
What is the highest common factor of 143156611 and 1027?
1027
What is the greatest common factor of 202642224 and 4?
4
What is the highest common factor of 98 and 4787286?
14
Calculate the highest common factor of 112905 and 6327.
9
Calculate the greatest common divisor of 2196 and 155696949.
549
What is the greatest common factor of 6578473 and 179197?
2159
Calculate the highest common divisor of 809344 and 11299201.
6323
What is the greatest common factor of 17708355 and 84?
21
Calculate the highest common factor of 820 and 1487890.
410
What is the highest common factor of 1903 and 2299121?
11
Calculate the highest common factor of 276741 and 82353.
291
Calculate the greatest common factor of 20 and 33177460.
20
Calculate the greatest common divisor of 247 and 272231999.
13
What is the highest common divisor of 289 and 79235419?
289
Calculate the highest common divisor of 48 and 5994344.
8
What is the greatest common divisor of 3674558 and 904276?
2498
What is the greatest common factor of 20 and 317410?
10
What is the highest common factor of 55298796 and 336?
84
Calculate the greatest common factor of 115 and 1641335.
5
Calculate the highest common factor of 1944 and 605088.
72
Calculate the highest common divisor of 67824107 and 1027.
1027
Calculate the highest common divisor of 10011735 and 135.
135
What is the greatest common factor of 147905 and 11960?
5
Calculate the highest common factor of 80650 and 320360.
10
Calculate the highest common factor of 85 and 18668414.
17
What is the highest common divisor of 13207 and 3401786?
281
Calculate the greatest common factor of 283533 and 128209.
29
What is the greatest common divisor of 8888189 and 1803?
601
Calculate the greatest common factor of 3605 and 117107704.
721
What is the greatest common divisor of 16490 and 6430?
10
What is the highest common factor of 10216 and 24872?
8
What is the greatest common divisor of 232 and 17562320?
8
What is the greatest common divisor of 10444292 and 3401?
179
Calculate the highest common factor of 221256 and 1141560.
504
Calculate the greatest common factor of 11370 and 520530.
30
What is the highest common divisor of 93384754 and 23344?
2918
What is the greatest common divisor of 125 and 115671625?
125
What is the greatest common factor of 8200300 and 400?
100
What is the greatest common factor of 1079659525 and 50?
25
Calculate the highest common factor of 279 and 17558307.
279
Calculate the highest common divisor of 32705 and 14229.
31
Calculate the greatest common divisor of 417929 and 3077.
181
What is the greatest common factor of 22 and 31216273?
11
Calculate the highest common factor of 12777 and 135112516.
4259
What is the highest common divisor of 486 and 101131659?
81
Calculate the greatest common factor of 13053264 and 2352.
336
What is the highest common divisor of 5114382 and 6099?
57
Calculate the greatest common divisor of 4662 and 3065454.
126
What is the highest common divisor of 1771 and 696923?
23
What is the highest common divisor of 38744 and 61480?
232
Calculate the greatest common divisor of 284 and 506530756.
284
What is the highest common factor of 4537270 and 27855?
3095
What is the greatest common divisor of 261 and 33039?
9
Calculate the highest common divisor of 23833485 and 65.
65
Calculate the highest common factor of 25558983 and 972.
243
What is the greatest common divisor of 17306688 and 273?
21
Calculate the greatest common divisor of 1788 and 14412.
12
What is the greatest common factor of 8644980 and 12516?
1788
Calculate the highest common divisor of 3452932 and 2923.
79
What is the greatest common divisor of 236075 and 860825?
175
Calculate the greatest common divisor of 40 and 46984368.
8
What is the highest common divisor of 12528 and 1360854?
1566
What is the greatest common factor of 68239721 and 181038?
2321
What is the greatest common factor of 31806 and 252871?
19
Calculate the greatest common factor of 2561326 and 7590.
46
Calculate the highest common factor of 19656104 and 13104.
104
What is the greatest common divisor of 14652958 and 9834?
298
What is the highest common divisor of 123728 and 64768?
176
What is the greatest common divisor of 24229097 and 1564?
391
Calculate the greatest common divisor of 33340 and 66205.
5
Calculate the highest common factor of 48480 and 323355.
15
What is the greatest common factor of 197622 and 2934?
18
Calculate the greatest common divisor of 639 and 156462984.
639
What is the greatest common divisor of 334649960 and 620?
620
What is the greatest common factor of 301865 and 665?
5
Calculate the highest common factor of 4690 and 309205.
335
What is the greatest common factor of 92342 and 34?
2
What is the greatest common factor of 9971 and 55696?
59
Calculate the highest common factor of 1223677 and 2873.
221
Calculate the greatest common factor of 10683 and 3273746.
1187
